+ 770*r - 2330. Calculate i(3).
-11
Let a(i) = 2*i**3 - 65*i**2 + 151*i - 40. What is a(30)?
-10
Let v(q) = -q**3 - 82*q**2 + 635*q + 1059. What is v(-89)?
-9
Let u(v) = 17*v**3 - 94*v**2 + 7*v - 5. Give u(5).
-195
Let z(k) = -k**2 - 22*k + 122. Give z(-25).
47
Let i(j) = 2*j**3 - 208*j**2 + 2*j - 212. Give i(104).
-4
Let f(x) = -700*x - 2751. Calculate f(-4).
49
Let j(h) = -114*h**3 - 2*h**2 - 4*h - 2. Determine j(-1).
114
Let k(z) = 8*z + 103. What is k(37)?
399
Let u(p) = -48*p**2 - 2*p - 6. Calculate u(0).
-6
Let t(w) = -60*w - 726. Give t(-12).
-6
Let i(b) = 8*b**2 + 68*b + 37. What is i(-8)?
5
Let z(y) = 7*y**2 + 10*y + 71. What is z(-6)?
263
Let s(u) = u**2 - 213*u - 20880. What is s(-73)?
-2
Let b(r) = r**3 - 6*r**2 + 17*r - 37. Give b(3).
-13
Let c(l) = -47*l + 766. What is c(14)?
108
Let x(z) = -3*z**3 + 68*z**2 - 247*z - 90. Give x(18).
0
Let f(m) = -23*m - 163. What is f(-5)?
-48
Let y(f) = -f**2 - 1822*f + 3647. Give y(2).
-1
Let g(q) = 189*q + 2476. Calculate g(-13).
19
Let i(x) = 1125*x + 5624. Determine i(-5).
-1
Let r(b) = -b**3 + 11*b**2 + 24*b - 58. Calculate r(12).
86
Let s(m) = -6*m - 11. Give s(8).
-59
Let l(b) = 62*b + 1221. What is l(-19)?
43
Let y(k) = -22*k**2 - 98*k - 10. Give y(-5).
-70
Let f(q) = q**3 - 8*q**2 - 17*q + 30. Calculate f(6).
-144
Let c(n) = 28*n**2 - 674*n + 31. Determine c(24).
-17
Let m(r) = -22*r + 18. What is m(-2)?
62
Let m(j) = 11*j**2 - 6*j + 16. Calculate m(2).
48
Let w(p) = 7*p + 5. Calculate w(1).
12
Let u(p) = 4*p**2 + 46*p - 106. Determine u(2).
2
Let y(i) = 121*i**3 + 2*i**2 + 12*i + 9. Determine y(-1).
-122
Let y(q) = -q**2 - 20*q - 214. Determine y(-11).
-115
Let h(t) = 3513*t + 45675. Give h(-13).
6
Let c(v) = v**2 - 12*v - 97. Calculate c(17).
-12
Let i(q) = -q**3 - 109*q**2 - 519*q + 37. What is i(-104)?
-67
Let x(o) = 6*o**2 + 5*o - 21. What is x(-3)?
18
Let w(c) = c**3 - 8*c**2 - 28*c - 27. What is w(11)?
28
Let n(s) = -705*s + 4366. Calculate n(6).
136
Let b(x) = -115*x - 16. Calculate b(-3).
329
Let g(s) = 4*s**2 - 135. Determine g(-8).
121
Let z(l) = -3*l**3 + 449*l**2 - 320*l + 3275. Calculate z(149).
-3
Let a(f) = 2*f**2 - 52*f + 2. Determine a(23).
-136
Let w(l) = 4*l + 78. Calculate w(-13).
26
Let i(w) = 3*w**3 - 3*w**2 - w - 7. Give i(3).
44
Let d(l) = -100*l + 14309. What is d(143)?
9
Let m(q) = -143*q - 156. Give m(-1).
-13
Let t(d) = 83*d**2 + 8*d - 26. Give t(3).
745
Let b(h) = -100*h - 70. Calculate b(-1).
30
Let d(z) = z**3 + 41*z**2 + 112*z - 82. Give d(-38).
-6
Let b(s) = -10*s**2 + 128*s + 19. Calculate b(13).
-7
Let c(y) = 6*y - 338. What is c(55)?
-8
Let a(n) = -110*n - 1223. Give a(-11).
-13
Let w(i) = 4*i**2 + 176*i + 1015. What is w(-36)?
-137
Let r(o) = 332*o - 4647. Give r(14).
1
Let n(v) = -7*v**2 - 47*v - 9. What is n(-6)?
21
Let x(z) = z**3 + 4*z**2 - 11*z - 10. What is x(-6)?
-16
Let i(c) = -152*c**2 + 148*c + 3. Give i(1).
-1
Let a(d) = 1388*d + 30538. Give a(-22).
2
Let w(f) = 5*f**2 + 31*f + 88. Give w(-13).
530
Let n(u) = u**3 - 75*u**2 - 402*u + 172. Calculate n(80).
12
Let c(s) = -5*s**2 - 28*s + 2. Determine c(-4).
34
Let r(k) = 28*k + 153. Give r(-4).
41
Let r(b) = 5*b**3 + 12*b**2 + 29*b + 185. What is r(-6)?
-637
Let j(n) = n**2 + 100*n + 982. Determine j(-11).
3
Let x(q) = -4*q**2 - 92*q - 440. What is x(-5)?
-80
Let v(d) = d**2 + 5*d - 55. What is v(0)?
-55
Let a(h) = -h**3 - 9*h**2 + 13*h + 47. Give a(-8).
-121
Let o(b) = -6*b + 418. Determine o(70).
-2
Let u(w) = -677*w - 7463. Calculate u(-11).
-16
Let d(y) = -y**3 - 15*y**2 + 56*y + 42. Calculate d(-18).
6
Let r(w) = -336*w**2 + 6720*w + 39. Calculate r(20).
39
Let w(z) = 94*z**3 - 4*z**2 + 3*z. Give w(1).
93
Let b(k) = -k**3 + 17*k**2 - 59*k + 74. Calculate b(16).
-614
Let n(s) = 22*s**3 - 2*s**2 - 10*s - 7. Determine n(-2).
-171
Let c(x) = 749*x + 3000. Determine c(-4).
4
Let y(b) = -2*b**3 + 3*b + 3. What is y(0)?
3
Let z(u) = -u**3 - 17*u**2 + 165*u - 9. What is z(7)?
-30
Let n(d) = 20*d + 400. Determine n(-22).
-40
Let w(b) = 75*b + 803. Calculate w(-11).
-22
Let i(m) = 3*m**2 + 25*m + 60. What is i(-5)?
10
Let d(v) = 2*v**2 + 19*v + 9. What is d(-14)?
135
Let b(i) = -6*i**3 - 2*i**2 + 42*i + 40. Calculate b(-1).
2
Let k(p) = -8*p**2 + 33*p + 30. Determine k(8).
-218
Let t(z) = z**2 + 48*z + 471. Give t(-34).
-5
Let w(h) = 2*h**3 + 137*h**2 + 2346*h + 32. Determine w(-35).
-3
Let t(o) = -o**3 + 3*o**2 + o - 9. What is t(4)?
-21
Let k(a) = -8*a**2 + 74*a + 91. What is k(-1)?
9
Let p(k) = 2*k**3 - 9*k**2 + 1012*k - 6165. Determine p(6).
15
Let r(u) = -11*u**3 - 8*u**2 - 15*u - 5. Calculate r(-2).
81
Let i(c) = -4*c**2 - 163*c - 1475. Calculate i(-14).
23
Let c(k) = -k**3 + 14*k**2 + 21*k - 123. Calculate c(16).
-299
Let g(d) = -20*d**2 + 3856*d + 785. Determine g(193).
13
Let p(i) = i**2 + 53*i - 7684. What is p(65)?
-14
Let d(l) = -905*l - 1728. Determine d(-2).
82
Let q(m) = 8*m**2 - 11*m + 42. Calculate q(3).
81
Let o(g) = -g**2 - 22904*g + 45809. Determine o(2).
-3
Let k(a) = -a**3 - 16*a**2 + 8*a + 20. Give k(-13).
-591
Let t(a) = a**2 - 3*a - 1280. What is t(-33)?
-92
Let u(m) = -m**3 + 11*m**2 - 210*m + 1734. Calculate u(9).
6
Let m(d) = 3*d**2 + 378*d + 382. Determine m(-125).
7
Let l(c) = -420*c - 29394. Determine l(-70).
6
Let z(l) = 24*l + 367. Determine z(-19).
-89
Let d(x) = -118*x - 1491. Determine d(-11).
-193
Let l(o) = 3*o**3 + 40*o**2 - 3679*o - 117. Give l(29).
-1
Let d(h) = -h**3 - 12*h**2 + 3*h + 140. Calculate d(-11).
-14
Let w(x) = -x**3 - 41*x**2 + 276*x + 24. Calculate w(-47).
306
Let g(y) = 2*y**2 - 399*y + 398. What is g(1)?
1
Let s(q) = -q**3 + 11*q**2 - 17*q - 58. Give s(8).
-2
Let d(c) = -4*c**3 - 39*c**2 - 19*c - 10. Give d(-8).
-306
Let z(v) = v**3 + 9*v**2 - 49*v + 8. Give z(-13).
-31
Let z(d) = 2*d**3 - d**2 - 14*d - 20. Give z(-3).
-41
Let g(v) = -14*v**2 + v + 168. Determine g(0).
168
Let q(p) = -207*p + 4239. Calculate q(20).
99
Let q(c) = -c**3 + 13*c**2 + 644*c - 312. Determine q(-20).
8
Let m(b) = -371*b + 4403. Give m(12).
-49
Let i(f) = f**2 - 54*f + 765. What is i(27)?
36
Let x(n) = n**3 - 26*n**2 + 27*n + 54. Determine x(25).
104
Let w(l) = -l**3 + 33*l**2 - 34*l + 50. Determine w(32).
-14
Let r(t) = -183*t**3 - t**2 + 25*t + 24. Calculate r(-1).
181
Let f(j) = 2*j**3 + 14*j**2 - 21*j - 97. What is f(-8)?
-57
Let m(o) = -o**2 - 33*o - 108. What is m(-30)?
-18
Let b(p) = 24*p**2 - 460*p + 89. Determine b(19).
13
Let y(h) = 2*h**2 + 7*h + 19. Calculate y(-7).
68
Let j(p) = p**3 - 15*p**2 - 50*p + 992. Determine j(10).
-8
Let g(u) = -u**2 - 74*u + 869. Determine g(-85).
-66
Let l(d) = d**3 - 53*d**2 + 96*d + 271. Determine l(51).
-35
Let u(o) = -98*o - 1181. Give u(-12).
-5
Let o(c) = -20*c**2 + 484*c - 550. What is o(23)?
2
Let p(w) = -2*w**2 + 25*w - 15. Give p(10).
35
Let b(l) = -15*l + 700. Give b(51).
-65
Let v(f) = 105*f - 187. What is v(7)?
548
Let p(b) = 65*b + 1361. What is p(-21)?
-4
Let k(x) = -x**2 - 3*x - 116. Give k(0).
-116
Let y(g) = -253*g - 3435. Calculate y(-13).
-146
Let u(f) = -f**3 + 8*f**2 - 22*f + 42. Calculate u(4).
18
Let h(n) = 11*n**2 + 1028*n - 584. Give h(-94).
-20
Let x(c) = -1019*c + 90688. Give x(89).
-3
Let f(q) = 2*q**3 - 25*q**2 - 16*q + 41. Calculate f(13).
2
Let c(k) = -3*k**2 + 18*k - 143. What is c(10)?
-263
Let g(x) = -3*x**2 + 71*x - 118. Give g(19).
148
Let q(n) = -40*n + 3026. What is q(80)?
-174
Let b(f) = -f**2 - 44*f - 50. Give b(-43).
-7
Let s(q) = -23*q - 111. Calculate s(-12).
165
Let l(m) = 2*m**2 - 16*m + 8. Give l(10).
48
Let f(t) = t**3 + 8*t**2 - 7*t + 20. Give f(-12).
-472
Let g(t) = 547*t + 68364. Give g(-125).
-11
Let a(r) = -r**3 + 10*r**2 + r + 107. Give a(9).
197
Let z(b) = -b**3 + b**2 + 5*b - 7. Give z(4).
-35
Let g(x) = 20*x - 12. Determine g(1).
8
Let v(y) = 2*y**3 + 50*y**2 + 170*y + 40. Calculate v(-21).
-2
Let r(a) = 2*a**2 - 108*a + 580. Determine r(48).
4
Let n(j) = 2*j**3 - 68*j**2 + 126*j + 66. Determine n(32).
2
Let l(k) = k**3 + 27*k**2 + 46*k - 111. Determine l(-25).
-11
Let x(c) = -105*c + 1040. Calculate x(10).
-10
Let n(w) = -6*w**2 + 484*w - 319. What is n(80)?
1
Let s(h) = 66*h - 1355. What is s(20)?
-35
Let t(z) = -z**3 - z**2 - 1812*z + 3631. Give t(2).
-5
Let f(d) = d**3 + 8*d**2 - 25*d + 83. Determine f(-11).
-5
Let p(v) = v**3 - 47*v**2 - 46*v + 4. Give p(4